{"id":1109,"date":"2011-12-15T14:32:41","date_gmt":"2011-12-15T13:32:41","guid":{"rendered":"http:\/\/www.sameneerlijketen.nl\/?page_id=1109"},"modified":"2011-12-15T14:32:41","modified_gmt":"2011-12-15T13:32:41","slug":"kerst","status":"publish","type":"page","link":"https:\/\/telematics-bv.nl\/sameneerlijketen\/advent\/kerst\/","title":{"rendered":"Kerst"},"content":{"rendered":"<div id=\"attachment_3181\" style=\"width: 210px\" class=\"wp-caption alignleft\"><a href=\"http:\/\/telematics-bv.nl\/sameneerlijketen\/wp-content\/uploads\/sites\/3\/2018\/11\/kerstroos01-200.jpg\"><img loading=\"lazy\" decoding=\"async\" aria-describedby=\"caption-attachment-3181\" class=\"size-full wp-image-3181\" src=\"http:\/\/telematics-bv.nl\/sameneerlijketen\/wp-content\/uploads\/sites\/3\/2018\/11\/kerstroos01-200.jpg\" alt=\"\" width=\"200\" height=\"200\" srcset=\"https:\/\/telematics-bv.nl\/sameneerlijketen\/wp-content\/uploads\/sites\/3\/2018\/11\/kerstroos01-200.jpg 200w, https:\/\/telematics-bv.nl\/sameneerlijketen\/wp-content\/uploads\/sites\/3\/2018\/11\/kerstroos01-200-150x150.jpg 150w\" sizes=\"auto, (max-width: 200px) 100vw, 200px\" \/><\/a><p id=\"caption-attachment-3181\" class=\"wp-caption-text\">kerstroos &#8211; helleborus niger<\/p><\/div>\n<p>&nbsp;<\/p>\n<p>&nbsp;<\/p>\n<p>&nbsp;<\/p>\n<p>&nbsp;<\/p>\n<p>Wit is de feestkleur, ook van Kerstmis. Het is de kleur van zuiverheid, reinheid, het nieuwe, nog onbezoedelde begin. In wit komen alle kleuren samen.<\/p>\n<p>&nbsp;<\/p>\n<p>Witte ingredi\u00ebnten. De zwarte aarde brengt wit brood. U vindt hier duurzame recepten op basis van vooral witte seizoensgroenten en ingredi\u00ebnten met een witte of cr\u00e8me kleur zoals aardpeer, alfalfa, bloemkool, witte bonen, champignons, knolselderie, koolrabi, pastinaak, taug\u00e9, rammenas, schorseneer, witlof, witte kool, zuurkool en andere witte ingredi\u00ebnten zoals yoghurt, melk, kwark, room, poedersuiker, kokos, witte wijn en wit brood.<\/p>\n<p><a href=\"http:\/\/telematics-bv.nl\/sameneerlijketen\/wp-content\/uploads\/sites\/3\/2018\/11\/herfstdis.jpg\"><img loading=\"lazy\" decoding=\"async\" class=\"alignleft size-full wp-image-3182\" src=\"http:\/\/telematics-bv.nl\/sameneerlijketen\/wp-content\/uploads\/sites\/3\/2018\/11\/herfstdis.jpg\" alt=\"\" width=\"200\" height=\"300\" \/><\/a><\/p>\n<p>&nbsp;<\/p>\n<p>&nbsp;<\/p>\n<p>Samenkomen staat met Kerst centraal:<br \/>\nsamen eten, met familie, met anderen uit andere landen.<br \/>\nSamen aan tafel stilstaan bij het goede op aarde. Daarom vindt u hier ook recepten van vrouwengroepen uit Limburg, uit Europese landen en uit het Arabisch Kookboek van Janny de Moor.<\/p>\n<p>&nbsp;<\/p>\n<p>&nbsp;<\/p>\n<p>&nbsp;<\/p>\n<p><strong>Soep<br \/>\n<\/strong><strong>.\u00a0<a href=\"?page_id=35\">Kluizenaarsoep<\/a><br \/>\n<\/strong>\u00b7\u00a0<a href=\"?page_id=27\">Pompoensoep met pastinaak en witte gemberroom<\/a><br \/>\n.<a href=\"https:\/\/telematics-bv.nl\/sameneerlijketen\/sterrensoep-met-pastinaak\/\"> Sterrensoep met pastinaak<\/a><br \/>\n. Borscht<\/p>\n<p><strong>Witte salades\/ voorgerechten<\/strong><a href=\"?page_id=67\"><br \/>\n<\/a>\u00b7\u00a0<a href=\"?page_id=69\">Geroosterde tilapia met mierikswortelsaus<\/a><br \/>\n\u00b7\u00a0<a href=\"?page_id=65\">Kool en appel salade<br \/>\n<\/a>\u00b7\u00a0<a href=\"?page_id=67\">Kip-champignon cocktail<\/a><br \/>\n\u00b7\u00a0<a href=\"https:\/\/telematics-bv.nl\/sameneerlijketen\/witlofster-2\/\">Witlofster<\/a><br \/>\n\u00b7\u00a0<a href=\"?page_id=46\">Witlofsalade<\/a><br \/>\n. <a href=\"https:\/\/telematics-bv.nl\/sameneerlijketen\/witlofsalade-3\/\">Feestelijke witlofsalade<\/a><\/p>\n<p><strong>Witte lunchhapjes<\/strong><a href=\"?page_id=48\"><br \/>\n<\/a>\u00b7\u00a0<a href=\"?page_id=71\">Humus van bonen<\/a><br \/>\n\u00b7\u00a0<a href=\"?page_id=48\">Romige champignons op toast<\/a><br \/>\n. <a href=\"https:\/\/telematics-bv.nl\/sameneerlijketen\/zuurkoolpannenkoekjes-uit-polen\/\">Zuurkoolpannenkoekjes<\/a><\/p>\n<p><strong>Kip<a href=\"http:\/\/telematics-bv.nl\/sameneerlijketen\/wp-content\/uploads\/sites\/3\/2018\/12\/kerstboom-van-koekjes-250-breed-576115-pxhere.jpg\"><img loading=\"lazy\" decoding=\"async\" class=\"alignright size-full wp-image-3594\" src=\"http:\/\/telematics-bv.nl\/sameneerlijketen\/wp-content\/uploads\/sites\/3\/2018\/12\/kerstboom-van-koekjes-250-breed-576115-pxhere.jpg\" alt=\"\" width=\"250\" height=\"375\" srcset=\"https:\/\/telematics-bv.nl\/sameneerlijketen\/wp-content\/uploads\/sites\/3\/2018\/12\/kerstboom-van-koekjes-250-breed-576115-pxhere.jpg 250w, https:\/\/telematics-bv.nl\/sameneerlijketen\/wp-content\/uploads\/sites\/3\/2018\/12\/kerstboom-van-koekjes-250-breed-576115-pxhere-200x300.jpg 200w\" sizes=\"auto, (max-width: 250px) 100vw, 250px\" \/><\/a><\/strong><br \/>\n\u00b7\u00a0<a href=\"?page_id=73\">Kip met walnoten en aardperensaus<\/a><br \/>\n\u00b7\u00a0<a href=\"?page_id=75\">Kippenragout met appel en olijven<\/a><br \/>\n\u00b7\u00a0<a href=\"?page_id=77\">Kip met olijven en citroen<\/a><\/p>\n<p><strong>Witte groenteschotels<\/strong><br \/>\n\u00b7\u00a0<a href=\"?page_id=79\">Aardappel-knolselderij puree<\/a><br \/>\n\u00b7\u00a0<a href=\"?page_id=81\">Knolsederij souffl\u00e9<\/a><br \/>\n\u00b7\u00a0<a href=\"?page_id=83\">Schorseneren met steranijs<\/a><br \/>\n. <a href=\"https:\/\/telematics-bv.nl\/sameneerlijketen\/spruit-en-witte-kool\/\">Spruit en witte kool<\/a><br \/>\n\u00b7\u00a0<a href=\"?page_id=85\">Witlof met kaas en noten<\/a><\/p>\n<p><strong>Nagerechten<\/strong><br \/>\n\u00b7\u00a0<a href=\"?page_id=91\">Rijstebrij<\/a><br \/>\n\u00b7\u00a0<a href=\"?page_id=93\">Suikerboter met yoghurt<\/a><br \/>\n\u00b7\u00a0<a href=\"?page_id=87\">Sneeuw van de Vogezen<\/a><br \/>\n\u00b7\u00a0<a href=\"?page_id=89\">Witte appel-ster met room<\/a><br \/>\n. <a href=\"https:\/\/telematics-bv.nl\/sameneerlijketen\/yoghurt-kersen-pudding\/\">Yoghurt-kersenpudding<\/a><br \/>\n. <a href=\"https:\/\/telematics-bv.nl\/sameneerlijketen\/kerst-compote-met-12-vruchten\/\">Kerst-comp\u00f4te met 12 vruchten<\/a><\/p>\n<p><strong>Gebak<\/strong><br \/>\n\u00b7\u00a0<a title=\"Kerstboom-appelcake\" href=\"https:\/\/telematics-bv.nl\/sameneerlijketen\/kerstboom-appelcake\/\">Kerstboom-appelcake<\/a><br \/>\n\u00b7\u00a0<a href=\"?page_id=96\">Sterkoekjes<\/a><br \/>\n<a href=\"https:\/\/telematics-bv.nl\/sameneerlijketen\/engelenbrood\/\">. Engelenbrood<\/a><\/p>\n<p>&nbsp;<\/p>\n<p>&nbsp;<\/p>\n<p>&nbsp;<\/p>\n","protected":false},"excerpt":{"rendered":"<p>&nbsp; &nbsp; &nbsp; &nbsp; Wit is de feestkleur, ook van Kerstmis. Het is de kleur van zuiverheid, reinheid, het nieuwe, nog onbezoedelde begin. In wit komen alle kleuren samen. &nbsp; Witte ingredi\u00ebnten. De zwarte aarde brengt wit brood. U vindt &hellip; <a href=\"https:\/\/telematics-bv.nl\/sameneerlijketen\/advent\/kerst\/\">Lees verder <span class=\"meta-nav\">&rarr;<\/span><\/a><\/p>\n","protected":false},"author":4,"featured_media":0,"parent":914,"menu_order":2,"comment_status":"closed","ping_status":"closed","template":"","meta":{"footnotes":""},"class_list":["post-1109","page","type-page","status-publish","hentry"],"_links":{"self":[{"href":"https:\/\/telematics-bv.nl\/sameneerlijketen\/wp-json\/wp\/v2\/pages\/1109","targetHints":{"allow":["GET"]}}],"collection":[{"href":"https:\/\/telematics-bv.nl\/sameneerlijketen\/wp-json\/wp\/v2\/pages"}],"about":[{"href":"https:\/\/telematics-bv.nl\/sameneerlijketen\/wp-json\/wp\/v2\/types\/page"}],"author":[{"embeddable":true,"href":"https:\/\/telematics-bv.nl\/sameneerlijketen\/wp-json\/wp\/v2\/users\/4"}],"replies":[{"embeddable":true,"href":"https:\/\/telematics-bv.nl\/sameneerlijketen\/wp-json\/wp\/v2\/comments?post=1109"}],"version-history":[{"count":0,"href":"https:\/\/telematics-bv.nl\/sameneerlijketen\/wp-json\/wp\/v2\/pages\/1109\/revisions"}],"up":[{"embeddable":true,"href":"https:\/\/telematics-bv.nl\/sameneerlijketen\/wp-json\/wp\/v2\/pages\/914"}],"wp:attachment":[{"href":"https:\/\/telematics-bv.nl\/sameneerlijketen\/wp-json\/wp\/v2\/media?parent=1109"}],"curies":[{"name":"wp","href":"https:\/\/api.w.org\/{rel}","templated":true}]}}